What is the greatest common divisor of 3570976 and 96?
32
What is the greatest common factor of 1789325 and 171?
19
Calculate the highest common factor of 5315 and 225.
5
What is the greatest common factor of 324 and 58428?
108
Calculate the highest common factor of 9032 and 152.
8
What is the greatest common factor of 114607 and 31?
31
What is the highest common divisor of 11508 and 336?
84
What is the greatest common factor of 21 and 303933?
21
Calculate the greatest common divisor of 19926 and 837.
27
What is the greatest common factor of 15717 and 15314?
403
Calculate the greatest common factor of 105 and 1887186.
21
Calculate the greatest common divisor of 1670733 and 9.
9
Calculate the greatest common divisor of 32268 and 2796.
12
Calculate the highest common divisor of 5912569 and 533.
533
Calculate the greatest common factor of 13858 and 136.
2
What is the greatest common divisor of 124 and 3416386?
62
What is the highest common factor of 30 and 16410?
30
What is the highest common divisor of 18 and 651447?
9
Calculate the highest common divisor of 5202 and 765.
153
Calculate the highest common divisor of 153 and 893469.
51
What is the highest common factor of 16688 and 1792?
112
Calculate the highest common divisor of 11033 and 2360.
59
Calculate the highest common divisor of 29375 and 6875.
625
What is the highest common factor of 2854 and 46?
2
Calculate the greatest common divisor of 168 and 10196.
4
What is the greatest common factor of 18746 and 7931?
721
What is the highest common divisor of 11223 and 1143?
9
What is the greatest common divisor of 7747 and 1098?
61
Calculate the highest common factor of 1088 and 17088.
64
Calculate the greatest common factor of 1674 and 30318.
186
What is the highest common factor of 5 and 56600?
5
What is the highest common factor of 2023 and 130917?
289
What is the greatest common divisor of 1152 and 2034?
18
What is the highest common factor of 42966 and 2310?
462
What is the highest common divisor of 161540 and 410?
410
What is the greatest common factor of 116 and 247138?
58
Calculate the highest common divisor of 371 and 26659.
53
What is the highest common factor of 781755 and 455?
65
Calculate the greatest common factor of 492 and 3069219.
123
Calculate the greatest common divisor of 12016 and 224.
16
Calculate the highest common divisor of 63879 and 1791.
597
Calculate the greatest common factor of 212 and 1196263.
53
Calculate the highest common factor of 568 and 39902.
142
What is the highest common divisor of 182 and 61243?
91
What is the highest common factor of 264 and 4104?
24
What is the highest common divisor of 72420 and 1136?
284
Calculate the greatest common factor of 1500 and 27750.
750
Calculate the greatest common divisor of 30769 and 87.
29
Calculate the highest common factor of 1414580 and 60.
20
Calculate the highest common factor of 280 and 6335.
35
What is the greatest common divisor of 59788 and 4?
4
Calculate the highest common factor of 77 and 913.
11
Calculate the highest common factor of 7105 and 490.
245
Calculate the highest common divisor of 171 and 3154.
19
What is the highest common divisor of 313 and 516?
1
What is the highest common divisor of 13489 and 282?
47
What is the highest common factor of 818405 and 14?
7
What is the highest common factor of 72 and 1098?
18
What is the highest common factor of 456 and 9728?
152
What is the greatest common factor of 40 and 4916?
4
Calculate the greatest common divisor of 6 and 105726.
6
What is the highest common factor of 48 and 183152?
16
Calculate the highest common factor of 9 and 164541.
3
What is the greatest common divisor of 179937 and 9?
9
Calculate the greatest common divisor of 1675289 and 308.
77
Calculate the greatest common factor of 357720 and 22.
22
Calculate the greatest common divisor of 22 and 96998.
22
Calculate the highest common factor of 18 and 2796678.
18
What is the highest common divisor of 182 and 875?
7
Calculate the greatest common factor of 80 and 33380.
20
What is the highest common divisor of 3190 and 900?
10
Calculate the greatest common factor of 114432 and 32631.
447
What is the highest common divisor of 44 and 1286626?
22
Calculate the greatest common divisor of 8493 and 399.
57
Calculate the greatest common divisor of 14 and 130354.
14
What is the highest common factor of 696 and 203?
29
Calculate the highest common factor of 1532 and 416.
4
What is the highest common factor of 2899 and 1209?
13
What is the highest common factor of 136325 and 239645?
1435
What is the greatest common factor of 6 and 676284?
6
Calculate the highest common divisor of 2226 and 189.
21
Calculate the greatest common factor of 80642 and 30406.
1322
What is the greatest common factor of 6348 and 3657?
69
Calculate the highest common factor of 9216 and 2816.
256
Calculate the highest common divisor of 4719 and 156.
39
What is the highest common factor of 1325 and 275?
25
What is the highest common divisor of 12247 and 37?
37
What is the highest common divisor of 17226 and 3509?
319
Calculate the greatest common factor of 8207 and 29715.
283
What is the greatest common divisor of 249168 and 2?
2
What is the highest common factor of 2926 and 12320?
154
Calculate the greatest common factor of 4 and 163700.
4
What is the greatest common divisor of 610932 and 12?
12
What is the greatest common factor of 12 and 62142?
6
Calculate the highest common divisor of 80559 and 99.
9
Calculate the greatest common divisor of 5925 and 1740.
15
Calculate the greatest common factor of 158787 and 243.
27
Calculate the highest common factor of 970179 and 210.
21
What is the highest common factor of 24266 and 374?
22
What is the highest common divisor of 2370036 and 36?
12
Calculate the greatest common divisor of 369333 and 81.
27
What is the greatest common factor of 135 and 89127?
27
Calculate the greatest common factor of 40 and 9008660.
20
Calculate the greatest common divisor of 576 and 104976.
144
What is the greatest common factor of 302 and 280105?
151
What is the highest common factor of 251 and 354663?
251
Calculate the highest common divisor of 688 and 4687.
43
What is the greatest common factor of 50032 and 7552?
944
Calculate the highest common divisor of 698 and 780364.
698
Calculate the highest common factor of 485163 and 51.
51
What is the greatest common factor of 2772 and 1701?
63
Calculate the greatest common divisor of 2420 and 26.
2
Calculate the greatest common divisor of 20966 and 66.
22
Calculate the greatest common factor of 3593 and 10.
1
Calculate the highest common factor of 28966 and 98.
14
What is the highest common factor of 104977 and 4633?
113
What is the highest common divisor of 419 and 9326521?
419
What is the greatest common divisor of 35105 and 5369?
413
What is the greatest common divisor of 44 and 54784?
4
What is the greatest common divisor of 7366 and 4572?
254
Calculate the greatest common factor of 2366 and 518.
14
What is the greatest common factor of 7736 and 2376886?
1934
Calculate the greatest common factor of 24365 and 440.
55
What is the greatest common divisor of 284 and 5016?
4
What is the highest common factor of 1509672 and 264?
24
What is the greatest common divisor of 3903 and 27?
3
What is the greatest common factor of 253 and 847?
11
What is the highest common divisor of 6430660 and 67?
67
Calculate the greatest common factor of 1498493 and 452.
113
Calculate the highest common divisor of 380 and 89600.
20
Calculate the greatest common factor of 119 and 4543.
7
Calculate the highest common divisor of 14186 and 41866.
346
What is the greatest common factor of 1420 and 15478?
142
Calculate the greatest common divisor of 188340 and 6789.
219
Calculate the greatest common divisor of 1002 and 10548.
6
What is the greatest common divisor of 483 and 3759?
21
What is the highest common factor of 28435 and 6016?
47
What is the highest common factor of 2821 and 412300?
217
What is the greatest common divisor of 96152 and 404?
404
What is the greatest common divisor of 44 and 376563?
11
What is the greatest common divisor of 50 and 887610?
10
Calculate the highest common factor of 12 and 2316068.
4
Calculate the greatest common divisor of 243 and 478224.
243
What is the grea